{"id":20,"date":"2014-03-07T11:52:13","date_gmt":"2014-03-07T11:52:13","guid":{"rendered":"http:\/\/linksjugend-solid-bw.de\/emmendingen\/?page_id=20"},"modified":"2025-05-03T20:39:14","modified_gmt":"2025-05-03T20:39:14","slug":"about","status":"publish","type":"page","link":"https:\/\/linksjugend-solid-bw.de\/emmendingen\/about\/","title":{"rendered":"\u00dcber uns"},"content":{"rendered":"\n<p><strong>Wer seid ihr?<\/strong><\/p>\n\n\n\n<p>Wir sind ein parteinaher Jugendverband. Als parteinaher Jugendverband der Partei Die Linke wirken wir Interessenvertretung der Jugendlichen in die Partei. Kritik gegen\u00fcber der Partei Die Linke ist f\u00fcr uns genauso selbstverst\u00e4ndlich, wie eine solidarische Zusammenarbeit. Wir arbeiten f\u00fcr eine vernetzte, breite Linke, die die Kraft besitzt Gesellschaft tats\u00e4chlich zu ver\u00e4ndern.<\/p>\n\n\n\n<p>Wir sind Teil eines politischen Blocks der Linken \u2013 einer Bewegung f\u00fcr Demokratie und Sozialismus. Als Jugendverband vertreten wir die Interessen junger Menschen, die diese Ideen sympathisch finden.<\/p>\n\n\n\n<p>Unser Jugendverband bildet hierf\u00fcr einen eigenst\u00e4ndigen Raum des Austausches, der Aktion, der Debatte, des Streits und des Lebensgef\u00fchls. Gemeinsam k\u00e4mpfen wir gegen Kapitalismus, Patriarchat, Rassismus, Faschismus und Antisemitismus und f\u00fcr einen Ausbau demokratischer und sozialer Rechte.<\/p>\n\n\n\n<p>Wir diskutieren aktuelle Themen, machen Referate, politische Aktionen und gehen nat\u00fcrlich auch mal zusammen feiern und grillen&#8230;<\/p>\n\n\n\n<p><strong>Klingt gut!<\/strong><\/p>\n\n\n\n<p>Na dann, wir freuen uns auf Dich. <a href=\"https:\/\/linksjugend-solid-bw.de\/emmendingen\/kontakt\/\" data-type=\"page\" data-id=\"22\">Melde dich bei uns<\/a>, entweder per E-Mail oder slide in unsere DMs, wie es Dir am liebsten ist.<\/p>\n","protected":false},"excerpt":{"rendered":"<p>Wer seid ihr? Wir sind ein parteinaher Jugendverband. Als parteinaher Jugendverband der Partei Die Linke wirken wir Interessenvertretung der Jugendlichen in die Partei. Kritik gegen\u00fcber der Partei Die Linke ist f\u00fcr uns genauso selbstverst\u00e4ndlich, wie<\/p>\n","protected":false},"author":1,"featured_media":0,"parent":0,"menu_order":2,"comment_status":"closed","ping_status":"closed","template":"","meta":{"jetpack_post_was_ever_published":false,"footnotes":"","_links_to":"","_links_to_target":""},"class_list":["post-20","page","type-page","status-publish","hentry"],"jetpack_shortlink":"https:\/\/wp.me\/P4pQtL-k","jetpack_sharing_enabled":true,"_links":{"self":[{"href":"https:\/\/linksjugend-solid-bw.de\/emmendingen\/wp-json\/wp\/v2\/pages\/20","targetHints":{"allow":["GET"]}}],"collection":[{"href":"https:\/\/linksjugend-solid-bw.de\/emmendingen\/wp-json\/wp\/v2\/pages"}],"about":[{"href":"https:\/\/linksjugend-solid-bw.de\/emmendingen\/wp-json\/wp\/v2\/types\/page"}],"author":[{"embeddable":true,"href":"https:\/\/linksjugend-solid-bw.de\/emmendingen\/wp-json\/wp\/v2\/users\/1"}],"replies":[{"embeddable":true,"href":"https:\/\/linksjugend-solid-bw.de\/emmendingen\/wp-json\/wp\/v2\/comments?post=20"}],"version-history":[{"count":7,"href":"https:\/\/linksjugend-solid-bw.de\/emmendingen\/wp-json\/wp\/v2\/pages\/20\/revisions"}],"predecessor-version":[{"id":404,"href":"https:\/\/linksjugend-solid-bw.de\/emmendingen\/wp-json\/wp\/v2\/pages\/20\/revisions\/404"}],"wp:attachment":[{"href":"https:\/\/linksjugend-solid-bw.de\/emmendingen\/wp-json\/wp\/v2\/media?parent=20"}],"curies":[{"name":"wp","href":"https:\/\/api.w.org\/{rel}","templated":true}]}}