{"id":105,"date":"2020-06-08T16:51:31","date_gmt":"2020-06-08T16:51:31","guid":{"rendered":"http:\/\/linksjugend-solid-bw.de\/heilbronn\/?page_id=105"},"modified":"2020-06-08T16:51:31","modified_gmt":"2020-06-08T16:51:31","slug":"uber-uns","status":"publish","type":"page","link":"https:\/\/linksjugend-solid-bw.de\/heilbronn\/uber-uns\/","title":{"rendered":"\u00dcber uns"},"content":{"rendered":"\n<p><strong>Was ist die linksjugend [&#8217;solid]?<\/strong><br>Die linksjugend [&#8217;solid] ist der Jugendverband der Partei DIE LINKE. Wir setzen uns genauso wie DIE LINKE f\u00fcr einen demokratischen Sozialismus ein. Wir arbeiten also eng mit der Linken zusammen und unterst\u00fctzen diese. Wir sind jedoch in erster Linie ein Jugendverband, welcher vorwiegend die Interessen von Kinder, Jugendlichen und jungen Erwachsenen vertritt.<\/p>\n\n\n\n<p><strong>Was will die linksjugend [&#8217;solid]?<\/strong><br> Wir wollen nicht weniger als die Welt ver\u00e4ndern! <br> 280 Mio. Menschen sind unterern\u00e4hrt, die bestehende Landwirtschaft   k\u00f6nnte jedoch die doppelte Weltbev\u00f6lkerung ern\u00e4hren. Von diesen   Beispielen gibt es viele \u2013 f\u00fcr uns ist klar: ein derart blutiges   Wirtschaftssystem geh\u00f6rt bek\u00e4mpft. Wir wollen eine kooperative   Wirtschaft, in einer von Mitbestimmung und Freiheit gepr\u00e4gten   Gesellschaft, nicht in ferner Zukunft, sondern so schnell wie m\u00f6glich! Die \u00dcberwindung kapitalistischer Produktions- und Herrschaftsverh\u00e4ltnisse ist daf\u00fcr notwendig. Wir wissen, dass es immer Probleme geben wird, wir glauben nicht ans Paradies \u2013 wir streiten f\u00fcr eine Welt, in der alle Zugang zu Medizin, Nahrung und Bildung haben \u2013 und wissen, dass dies m\u00f6glich ist! Eine Gesellschaft ohne Ausbeutung, Unterdr\u00fcckung und Krieg! Ein menschenw\u00fcrdiges Leben f\u00fcr uns alle ist es wert erstritten zu werden. Als SozialistInnen, KommunistInnen, AnarchistInnen k\u00e4mpfen wir f\u00fcr eine libert\u00e4re, klassenlose Gesellschaft jenseits von Kapitalismus, Rassismus und Patriarchat. <br>Das gesamte Programm der linksjugend [&#8217;solid] kann man <a href=\"https:\/\/www.linksjugend-solid.de\/positionen\/programm\/\">hier<\/a> finden.<\/p>\n\n\n\n<p><strong>Was ist die linksjugend [&#8217;solid] Heilbronn-Unterland?<\/strong><br>Die linksjugend [&#8217;solid] Heilbronn-Unterland ist eine Basisgruppe. Wir organisieren in Heilbronn und Umgebung Aktionen und versuchen vor Ort etwas zu bewegen. Die Basisgruppe wurde dabei am 9. Februar 2020 gegr\u00fcndet und umfasst momentan 4 Mitglieder. <\/p>\n\n\n\n<p><strong>Interesse mitzumachen?<\/strong><br>Du kannst gerne mal bei einem Treffen vorbeischauen. Der n\u00e4chste Termin wird immer unter &#8222;Gruppentreffen&#8220; bekanntgegeben. Melde dich am besten aber vorher einmal kurz per E-Mail bei uns:  <br>heilbronn@linksjugend-solid-bw.de <\/p>\n","protected":false},"excerpt":{"rendered":"<p>Was ist die linksjugend [&#8217;solid]?Die linksjugend [&#8217;solid] ist der Jugendverband der Partei DIE LINKE. Wir setzen uns genauso wie DIE LINKE f\u00fcr einen demokratischen Sozialismus ein. Wir arbeiten also eng mit der Linken zusammen und<\/p>\n","protected":false},"author":98,"featured_media":0,"parent":0,"menu_order":0,"comment_status":"closed","ping_status":"closed","template":"","meta":{"jetpack_post_was_ever_published":false,"footnotes":"","_links_to":"","_links_to_target":""},"class_list":["post-105","page","type-page","status-publish","hentry"],"jetpack_sharing_enabled":true,"jetpack_shortlink":"https:\/\/wp.me\/P4o1qP-1H","_links":{"self":[{"href":"https:\/\/linksjugend-solid-bw.de\/heilbronn\/wp-json\/wp\/v2\/pages\/105","targetHints":{"allow":["GET"]}}],"collection":[{"href":"https:\/\/linksjugend-solid-bw.de\/heilbronn\/wp-json\/wp\/v2\/pages"}],"about":[{"href":"https:\/\/linksjugend-solid-bw.de\/heilbronn\/wp-json\/wp\/v2\/types\/page"}],"author":[{"embeddable":true,"href":"https:\/\/linksjugend-solid-bw.de\/heilbronn\/wp-json\/wp\/v2\/users\/98"}],"replies":[{"embeddable":true,"href":"https:\/\/linksjugend-solid-bw.de\/heilbronn\/wp-json\/wp\/v2\/comments?post=105"}],"version-history":[{"count":3,"href":"https:\/\/linksjugend-solid-bw.de\/heilbronn\/wp-json\/wp\/v2\/pages\/105\/revisions"}],"predecessor-version":[{"id":108,"href":"https:\/\/linksjugend-solid-bw.de\/heilbronn\/wp-json\/wp\/v2\/pages\/105\/revisions\/108"}],"wp:attachment":[{"href":"https:\/\/linksjugend-solid-bw.de\/heilbronn\/wp-json\/wp\/v2\/media?parent=105"}],"curies":[{"name":"wp","href":"https:\/\/api.w.org\/{rel}","templated":true}]}}