{"id":69,"date":"2020-06-08T10:34:15","date_gmt":"2020-06-08T10:34:15","guid":{"rendered":"http:\/\/linksjugend-solid-bw.de\/heilbronn\/?page_id=69"},"modified":"2020-06-08T10:34:15","modified_gmt":"2020-06-08T10:34:15","slug":"nukleare-teilhabe","status":"publish","type":"page","link":"https:\/\/linksjugend-solid-bw.de\/heilbronn\/nukleare-teilhabe\/","title":{"rendered":"Nukleare Teilhabe"},"content":{"rendered":"\n<p>Der Fraktionsvorsitzende der SPD im Bundestag Rolf M\u00fctzenich forderte am 3. Mai 2020 in einem Interview mit dem &#8222;Tagesspiegel&#8220;, dass s\u00e4mtliche stationierten Atomwaffen aus Deutschland abgezogen werden. Atomwaffen auf deutschem Gebiet w\u00fcrde unsere Sicherheit nicht erh\u00f6hen, sondern das Gegenteil bewirken, so M\u00fctzenich. Diesen Vorsto\u00df begr\u00fcndet er vor allem mit der Willk\u00fcr von Donald Trump.<\/p>\n\n\n\n<p>Diese Forderung von M\u00fctzenich zog eine Debatte nach sich, an welcher auch wir uns in Form eines Beitrages f\u00fcr die &#8222;Heilbronner Stimme&#8220; beteiligt haben:<\/p>\n\n\n\n<br class=\"\u201cclear\u201d\" \/>\n\n\n\n<p>Wir unterst\u00fctzen Herrn M\u00fcnzenichs Forderungen nach einem R\u00fcckzug aus der technischen nuklearen Teilhabe der Nato. Er f\u00fchrt sehr gute Punkte an, hinter denen sich klar das Streben nach einer durch Abr\u00fcstung gepr\u00e4gten und nuklearwaffenfreinen Welt erkennen l\u00e4sst.<br>Die nukleare Teilhabe Deutschlands ist in keiner Weise f\u00f6rderlich f\u00fcr die internationale Stabilit\u00e4t und den Bem\u00fchungen um eine friedliche Welt. Nicht nur ist sie ein l\u00e4ngst veraltetes Relikt aus den Zeiten des kalten Krieges, sondern Modernisierungen wie die geplanten Ersetzungen der Tornados durch die Verteidigungsministerin kosten Deutschland Milliarden, welches gerade jetzt in Corona Zeiten viel st\u00e4rker in anderen Bereichen wie dem Sozialwesen gebraucht werden. Des Weiteren darf Deutschland der aggressiven Au\u00dfenpolitik Trumps, die durch die Nato mitgetragen wird, keinen Raum geben und muss deshalb konsequent auf die technische nukleare Teilhabe in der Nato verzichten.<br>Deutschland darf nicht auf sein Mitbestimmungsrecht in der Nato verzichten. Besonders nicht, wenn es um solche relevanten Themen wie Abr\u00fcstung und Friedenssicherung geht. Daher sollte Deutschland eine klare Linie gegen die Abschreckungspolitik der Nato fahren. Man kann zwar nicht verhindern, dass sich Alternativen zum Atomwaffenstandpunkt Deutschland auftuen, wie beispielsweise in Polen, allerdings muss man klarmachen, dass Deutschland sich weder an diesen Handlungen beteiligen will noch diese unterst\u00fctzt.<\/p>\n","protected":false},"excerpt":{"rendered":"<p>Der Fraktionsvorsitzende der SPD im Bundestag Rolf M\u00fctzenich forderte am 3. Mai 2020 in einem Interview mit dem &#8222;Tagesspiegel&#8220;, dass s\u00e4mtliche stationierten Atomwaffen aus Deutschland abgezogen werden. Atomwaffen auf deutschem Gebiet w\u00fcrde unsere Sicherheit nicht<\/p>\n","protected":false},"author":98,"featured_media":0,"parent":0,"menu_order":0,"comment_status":"closed","ping_status":"closed","template":"","meta":{"jetpack_post_was_ever_published":false,"footnotes":"","_links_to":"","_links_to_target":""},"class_list":["post-69","page","type-page","status-publish","hentry"],"jetpack_sharing_enabled":true,"jetpack_shortlink":"https:\/\/wp.me\/P4o1qP-17","_links":{"self":[{"href":"https:\/\/linksjugend-solid-bw.de\/heilbronn\/wp-json\/wp\/v2\/pages\/69","targetHints":{"allow":["GET"]}}],"collection":[{"href":"https:\/\/linksjugend-solid-bw.de\/heilbronn\/wp-json\/wp\/v2\/pages"}],"about":[{"href":"https:\/\/linksjugend-solid-bw.de\/heilbronn\/wp-json\/wp\/v2\/types\/page"}],"author":[{"embeddable":true,"href":"https:\/\/linksjugend-solid-bw.de\/heilbronn\/wp-json\/wp\/v2\/users\/98"}],"replies":[{"embeddable":true,"href":"https:\/\/linksjugend-solid-bw.de\/heilbronn\/wp-json\/wp\/v2\/comments?post=69"}],"version-history":[{"count":4,"href":"https:\/\/linksjugend-solid-bw.de\/heilbronn\/wp-json\/wp\/v2\/pages\/69\/revisions"}],"predecessor-version":[{"id":73,"href":"https:\/\/linksjugend-solid-bw.de\/heilbronn\/wp-json\/wp\/v2\/pages\/69\/revisions\/73"}],"wp:attachment":[{"href":"https:\/\/linksjugend-solid-bw.de\/heilbronn\/wp-json\/wp\/v2\/media?parent=69"}],"curies":[{"name":"wp","href":"https:\/\/api.w.org\/{rel}","templated":true}]}}