{"id":7,"date":"2014-02-26T18:52:58","date_gmt":"2014-02-26T18:52:58","guid":{"rendered":"http:\/\/linksjugend-solid-bw.de\/konstanz\/?page_id=7"},"modified":"2025-07-26T11:15:08","modified_gmt":"2025-07-26T11:15:08","slug":"material","status":"publish","type":"page","link":"https:\/\/linksjugend-solid-bw.de\/konstanz\/material\/","title":{"rendered":"Material"},"content":{"rendered":"<h4>Unsere Aufkleber:<\/h4>\n<div class=\"tiled-gallery type-rectangular tiled-gallery-unresized\" data-original-width=\"810\" data-carousel-extra='null' itemscope itemtype=\"http:\/\/schema.org\/ImageGallery\" > <div class=\"gallery-row\" style=\"width: 810px; height: 581px;\" data-original-width=\"810\" data-original-height=\"581\" > <div class=\"gallery-group images-1\" style=\"width: 810px; height: 581px;\" data-original-width=\"810\" data-original-height=\"581\" > <div class=\"tiled-gallery-item tiled-gallery-item-large\" itemprop=\"associatedMedia\" itemscope itemtype=\"http:\/\/schema.org\/ImageObject\"> <a href=\"https:\/\/linksjugend-solid-bw.de\/konstanz\/material\/solid_nazis_stoppen\/\" border=\"0\" itemprop=\"url\"> <meta itemprop=\"width\" content=\"806\"> <meta itemprop=\"height\" content=\"577\"> <img decoding=\"async\" class=\"\" data-attachment-id=\"13\" data-orig-file=\"https:\/\/linksjugend-solid-bw.de\/konstanz\/wp-content\/uploads\/sites\/4\/2014\/02\/solid_nazis_stoppen.jpg\" data-orig-size=\"1024,733\" data-comments-opened=\"1\" data-image-meta=\"{&quot;aperture&quot;:&quot;0&quot;,&quot;credit&quot;:&quot;&quot;,&quot;camera&quot;:&quot;&quot;,&quot;caption&quot;:&quot;&quot;,&quot;created_timestamp&quot;:&quot;0&quot;,&quot;copyright&quot;:&quot;&quot;,&quot;focal_length&quot;:&quot;0&quot;,&quot;iso&quot;:&quot;0&quot;,&quot;shutter_speed&quot;:&quot;0&quot;,&quot;title&quot;:&quot;&quot;}\" data-image-title=\"solid_nazis_stoppen\" data-image-description=\"\" data-medium-file=\"https:\/\/linksjugend-solid-bw.de\/konstanz\/wp-content\/uploads\/sites\/4\/2014\/02\/solid_nazis_stoppen-300x214.jpg\" data-large-file=\"https:\/\/linksjugend-solid-bw.de\/konstanz\/wp-content\/uploads\/sites\/4\/2014\/02\/solid_nazis_stoppen.jpg\" src=\"https:\/\/i0.wp.com\/linksjugend-solid-bw.de\/konstanz\/wp-content\/uploads\/sites\/4\/2014\/02\/solid_nazis_stoppen.jpg?w=806&#038;h=577&#038;ssl=1\" srcset=\"https:\/\/linksjugend-solid-bw.de\/konstanz\/wp-content\/uploads\/sites\/4\/2014\/02\/solid_nazis_stoppen.jpg 1024w, https:\/\/linksjugend-solid-bw.de\/konstanz\/wp-content\/uploads\/sites\/4\/2014\/02\/solid_nazis_stoppen-300x214.jpg 300w\" width=\"806\" height=\"577\" loading=\"lazy\" data-original-width=\"806\" data-original-height=\"577\" itemprop=\"http:\/\/schema.org\/image\" title=\"solid_nazis_stoppen\" alt=\"solid_nazis_stoppen\" style=\"width: 806px; height: 577px;\" \/> <\/a> <\/div> <\/div> <!-- close group --> <\/div> <!-- close row --> <\/div>\n<p>&nbsp;<\/p>\n<p>Unser Material soll nat\u00fcrlich Verbreitung finden. Kopieren, verteilen und bestellen ist ausdr\u00fccklich erw\u00fcnscht!<\/p>\n<p>Das Zeug ist nat\u00fcrlich\u00a0<strong>KOSTENLOS<\/strong>, schreib doch einfach eine Bestellung an: <em>konstanz@linksjugend-solid-bw.de <\/em>oder schaut <em>Dienstags bei unseren treffen<\/em> vorbei, dort verteilen wir euch gerne Sticker, Flyer, Plakate und Infos.<em><br \/>\n<\/em><\/p>\n<h4>Sonstiges Material der [&#8216;solid]:<\/h4>\n<p><strong>Material des Bundesverbandes:<\/strong><\/p>\n<p><a title=\"Satzung der Linksjugend['solid]\" href=\"http:\/\/s144731316.online.de\/wp-solid-fr\/wp-content\/uploads\/2013\/06\/Satzung_21.03.2009.pdf\" target=\"_blank\" rel=\"noopener\">Bundessatzung der Linksjugend[&#8216;solid] (2009)<\/a><\/p>\n<p><strong>Material des Landesverbandes Baden-W\u00fcrttemberg:<\/strong><br \/>\n<a title=\"Landessatzung der Linksjugend['solid] BaW\u00fc\" href=\"http:\/\/s144731316.online.de\/wp-solid-fr\/wp-content\/uploads\/2013\/06\/satzung-linksjugend2011-bw.pdf\" target=\"_blank\" rel=\"noopener\">Landessatzung der Linksjugend[&#8216;solid] BaW\u00fc (2011)<\/a><br \/>\n<a title=\"Eintrittserkl\u00e4rung\" href=\"http:\/\/s144731316.online.de\/wp-solid-fr\/wp-content\/uploads\/2013\/06\/eintrittserkla__rung_solid.pdf\" target=\"_blank\" rel=\"noopener\">Eintrittserkl\u00e4rung<\/a><\/p>\n<p style=\"text-align: right\">&lt;<a title=\"Homepage\" href=\"http:\/\/linksjugend-solid-bw.de\/konstanz\">Zur\u00fcck zur Startseite<\/a>&gt;<\/p>\n","protected":false},"excerpt":{"rendered":"<p>Unsere Aufkleber: &nbsp; Unser Material soll nat\u00fcrlich Verbreitung finden. Kopieren, verteilen und bestellen ist ausdr\u00fccklich erw\u00fcnscht! Das Zeug ist nat\u00fcrlich\u00a0KOSTENLOS, schreib doch einfach eine Bestellung an: konstanz@linksjugend-solid-bw.de oder schaut Dienstags bei unseren treffen vorbei, dort<\/p>\n","protected":false},"author":1,"featured_media":0,"parent":0,"menu_order":1,"comment_status":"open","ping_status":"open","template":"","meta":{"jetpack_post_was_ever_published":false,"footnotes":"","_links_to":"","_links_to_target":""},"class_list":["post-7","page","type-page","status-publish","hentry"],"jetpack_sharing_enabled":true,"jetpack_shortlink":"https:\/\/wp.me\/P4o1qP-7","_links":{"self":[{"href":"https:\/\/linksjugend-solid-bw.de\/konstanz\/wp-json\/wp\/v2\/pages\/7","targetHints":{"allow":["GET"]}}],"collection":[{"href":"https:\/\/linksjugend-solid-bw.de\/konstanz\/wp-json\/wp\/v2\/pages"}],"about":[{"href":"https:\/\/linksjugend-solid-bw.de\/konstanz\/wp-json\/wp\/v2\/types\/page"}],"author":[{"embeddable":true,"href":"https:\/\/linksjugend-solid-bw.de\/konstanz\/wp-json\/wp\/v2\/users\/1"}],"replies":[{"embeddable":true,"href":"https:\/\/linksjugend-solid-bw.de\/konstanz\/wp-json\/wp\/v2\/comments?post=7"}],"version-history":[{"count":7,"href":"https:\/\/linksjugend-solid-bw.de\/konstanz\/wp-json\/wp\/v2\/pages\/7\/revisions"}],"predecessor-version":[{"id":545,"href":"https:\/\/linksjugend-solid-bw.de\/konstanz\/wp-json\/wp\/v2\/pages\/7\/revisions\/545"}],"wp:attachment":[{"href":"https:\/\/linksjugend-solid-bw.de\/konstanz\/wp-json\/wp\/v2\/media?parent=7"}],"curies":[{"name":"wp","href":"https:\/\/api.w.org\/{rel}","templated":true}]}}