{"id":2270,"date":"2022-05-12T18:38:02","date_gmt":"2022-05-12T18:38:02","guid":{"rendered":"https:\/\/linksjugend-solid-bw.de\/ortenau\/?page_id=2270"},"modified":"2022-05-17T14:00:42","modified_gmt":"2022-05-17T14:00:42","slug":"podcasts","status":"publish","type":"page","link":"https:\/\/linksjugend-solid-bw.de\/ortenau\/statements\/podcasts\/","title":{"rendered":"Podcasts"},"content":{"rendered":"\n<h2 class=\"wp-block-heading\">&#8222;Wenn die Menscheit ein Individuum w\u00e4re&#8220; Podcast von Fionn Stacey Vorschau<\/h2>\n\n\n\n<p>Wenn die Menschheit ein Individuum w\u00e4re dann w\u00e4re sie keine dieser Random-Messies, die einfach mal eine Menge Ramsch in ihrem Zimmer sammeln. Nein.<br>Die Menschheit w\u00e4re eine dieser gut organisierten Messies die in Nacht und Nebelaktionen tonnenweise Elektrischrott im n\u00e4chstgelegenen Waldt\u00fcmpel versenken.<br>\u00dcberhaupt w\u00e4re die Menschheit sehr gut organisiert. Jeder einzelne Tag und sogar die Nacht w\u00e4ren strengstens durchgetaktet.<br>Die Menschheit w\u00e4re eine Adrett junge Frau:&#8220; Ich habe meine Produktivit\u00e4t dieses Jahr um 4% gesteigert und werde sie n\u00e4chstes Jahr um weitere 3,5% erh\u00f6hen. Ich bin so erfolgreich. Ich beherrsche die Planeten.&#8220;<br>W\u00fcrde die Menschheit in einem Anflug von Gr\u00f6\u00dfenwahnsinn sagen.<br>&#8222;Und was machst du eigentlich so liebe Menschheit&#8220; k\u00f6nnte man fragen. &#8222;Alles was Profit bringt.<br>W\u00fcrde die Menschheit antworten, mit wilden funkelnden Augen.<\/p>\n\n\n\n<p>Hier findet ihr den ganzen Podcast: <a href=\"https:\/\/linksjugend-solid-bw.de\/ortenau\/statements\/podcasts\/wenn-die-menscheit-ein-individuum-waere-podcast-von-fionn-stacey\/\">Wenn die Menschheit ein Individuum w\u00e4re<\/a> <\/p>\n\n\n\n<h2 class=\"wp-block-heading\">&#8222;Das lebende Fossil&#8220; Podcast von Fionn Stacey Vorschau<\/h2>\n\n\n\n<p>Der g\u00e4ngige Marxismus ist ein lebendes Fossil, eingeschlossen im harten Gestein seiner Leidensgeschichte. Ein Fossil lebt normalerweise nicht, es kann sich nicht bewegen. Die Marxisten sind jedoch lebendige Wesen und ihr Anliegen der realen lebendigen Welt entnommen und auf sie bezogen. Zu Lebzeiten dazu verurteilt, ein Fossil zu sein, lebt der Marxismus und kann sich dennoch nicht bewegen. Will man ihn befreien, muss man ihm wehtun, denn die Werkzeuge, mit denen wir versuchen, seine Schale zu durchbrechen, treffen immer auch ihn selbst. All die Marxisten, die ihn sch\u00fctzen, halten ihn in seiner Reglosigkeit und sch\u00fctzen seinen Panzer. Ihr Dienst widerstrebt dem lebendigen Wesen der marxschen Maxime: De Omnibus debutandum (alles soll angezweifelt\/kritisiert werden). Ans Licht der Welt zu zerren und ohne Scham und falsche R\u00fccksichtnahme den Menschen ehrlich ihre Unzul\u00e4nglichkeiten vorzuhalten war und ist das marxsche Projekt. Die b\u00fcrgerlich-christliche Realitats- (bzw. Existenz-) Angst sollte aufgel\u00f6st werden. Und nun?<\/p>\n\n\n\n<p>Hier findet ihr den ganzen Podcast: <a href=\"http:\/\/linksjugend-solid-bw.de\/ortenau\/das-lebende-fossil-podcast-von-fionn-stacey\/\">Das lebende Fossil <\/a><\/p>\n\n\n\n<h2 class=\"wp-block-heading\">&#8222;Der einseitige Mensch&#8220; Podcast von Fionn Stacey Vorschau <\/h2>\n\n\n\n<p>Du gondelst durch die Zeit. Langsam, aber sicher. Oder besser: sicher, aber langsam. Du wei\u00dft, was zu tun w\u00e4re, aber du tust es nicht. Andere sind da eifriger. Entwerfen Pl\u00e4ne, analysieren, vermessen, kategorisieren jedes weltliche Ph\u00e4nomen. Arbeiten 12 Stunden im B\u00fcro, plus zwei Stunden im Zug.  Akkumulieren, akquirieren, investieren, regulieren, balancieren. Du schiebst dir ne Tiefk\u00fchlpizza rein, im Fernsehen ver\u00e4ndert sich die Welt. Alles wird durchg\u00e4ngig neu erfunden und dekonstruiert. In den Jahrzehnten, die du statistisch gesehen noch leben wirst, kannst du wie ein Beobachter zusehen, wie die Erde komplett umgepfl\u00fcgt, ausgemistet und mehrere tausend Male hintereinander an der B\u00f6rse verkauft wird.<\/p>\n\n\n\n<p>Hier findet ihr den ganzen Podcast: <a href=\"http:\/\/linksjugend-solid-bw.de\/ortenau\/der-einseitige-mensch-podcast-von-fionn-stacey\/\">Der einseitige Mensch <\/a><\/p>\n\n\n\n<h2 class=\"wp-block-heading\">&#8222;Die Angst vor der Freiheit&#8220; Podcast von Fionn Stacey Vorschau<\/h2>\n\n\n<p>&#8222;Ja, das ist schade.&#8220;, sagte mir der Polizist. &#8222;Ich war oft in diesem Wald, \u00f6fter als Sie.&#8220; Er hat Recht. Ich stehe vorm Hambacher Forst, bin extra aus Offenburg angereist, in der Hoffnung, die R\u00e4umung zu verhindern. Der Polizist vor mir l\u00e4sst das nicht zu, obwohl er genauso gegen die R\u00e4umung ist wie ich. Er glaubt, er m\u00fcsse gehorchen. Er will kein &#8222;Kameradenschwein&#8220; sein. Ich pers\u00f6nlich aber glaube, es gibt einen noch viel st\u00e4rkeren Grund. Er hat Angst vor der Freiheit.<br>Gehen wir mal davon aus, eine gro\u00dfe Mehrheit der Deutschen wollte eine sozialere Politik, morgen. Wenn diese Masse nur f\u00fcr eine Woche nicht arbeiten gehen w\u00fcrde, das ginge auch durch Krankschreibung, w\u00fcrden es sich die Politiker nochmal anders \u00fcberlegen mit dem sozialen Kahlschlag. Die Demos k\u00f6nnen sie ignorieren, aber wenn wir tats\u00e4chlich Macht benutzen w\u00fcrden, die Macht, die wir haben, w\u00fcrden sie sofort auf uns eingehen.<\/p>\n<p>Hier findet ihr den ganzen Podcast: <a href=\"https:\/\/linksjugend-solid-bw.de\/ortenau\/die-angst-vor-der-freiheit-podcast-von-fionn-stacey\/\">Die Angst vor der Freiheit<\/a><\/p>\n\n\n<p><a href=\"http:\/\/linksjugend-solid-bw.de\/ortenau\/\">Zur\u00fcck zur Startseite <\/a><\/p>\n","protected":false},"excerpt":{"rendered":"<p>&#8222;Wenn die Menscheit ein Individuum w\u00e4re&#8220; Podcast von Fionn Stacey Vorschau Wenn die Menschheit ein Individuum w\u00e4re dann w\u00e4re sie keine dieser Random-Messies, die einfach mal eine Menge Ramsch in ihrem Zimmer sammeln. Nein.Die Menschheit<\/p>\n","protected":false},"author":102,"featured_media":0,"parent":2240,"menu_order":0,"comment_status":"closed","ping_status":"closed","template":"","meta":{"jetpack_post_was_ever_published":false,"footnotes":"","_links_to":"","_links_to_target":""},"class_list":["post-2270","page","type-page","status-publish","hentry"],"jetpack_sharing_enabled":true,"jetpack_shortlink":"https:\/\/wp.me\/P4o1NU-AC","_links":{"self":[{"href":"https:\/\/linksjugend-solid-bw.de\/ortenau\/wp-json\/wp\/v2\/pages\/2270","targetHints":{"allow":["GET"]}}],"collection":[{"href":"https:\/\/linksjugend-solid-bw.de\/ortenau\/wp-json\/wp\/v2\/pages"}],"about":[{"href":"https:\/\/linksjugend-solid-bw.de\/ortenau\/wp-json\/wp\/v2\/types\/page"}],"author":[{"embeddable":true,"href":"https:\/\/linksjugend-solid-bw.de\/ortenau\/wp-json\/wp\/v2\/users\/102"}],"replies":[{"embeddable":true,"href":"https:\/\/linksjugend-solid-bw.de\/ortenau\/wp-json\/wp\/v2\/comments?post=2270"}],"version-history":[{"count":9,"href":"https:\/\/linksjugend-solid-bw.de\/ortenau\/wp-json\/wp\/v2\/pages\/2270\/revisions"}],"predecessor-version":[{"id":2518,"href":"https:\/\/linksjugend-solid-bw.de\/ortenau\/wp-json\/wp\/v2\/pages\/2270\/revisions\/2518"}],"up":[{"embeddable":true,"href":"https:\/\/linksjugend-solid-bw.de\/ortenau\/wp-json\/wp\/v2\/pages\/2240"}],"wp:attachment":[{"href":"https:\/\/linksjugend-solid-bw.de\/ortenau\/wp-json\/wp\/v2\/media?parent=2270"}],"curies":[{"name":"wp","href":"https:\/\/api.w.org\/{rel}","templated":true}]}}