{"id":2278,"date":"2022-05-12T18:46:12","date_gmt":"2022-05-12T18:46:12","guid":{"rendered":"https:\/\/linksjugend-solid-bw.de\/ortenau\/?page_id=2278"},"modified":"2022-05-16T12:54:03","modified_gmt":"2022-05-16T12:54:03","slug":"rede-von-amelie-vollmer-auf-dem-ostermarsch-2022","status":"publish","type":"page","link":"https:\/\/linksjugend-solid-bw.de\/ortenau\/statements\/reden\/rede-von-amelie-vollmer-auf-dem-ostermarsch-2022\/","title":{"rendered":"Rede von Amelie Vollmer auf dem Ostermarsch 2022"},"content":{"rendered":"<p style=\"text-align: left\"><a href=\"http:\/\/linksjugend-solid-bw.de\/ortenau\/wp-content\/uploads\/sites\/5\/2022\/05\/DSC2105-2-scaled.jpg\"><img loading=\"lazy\" decoding=\"async\" class=\"wp-image-2428 alignleft\" src=\"http:\/\/linksjugend-solid-bw.de\/ortenau\/wp-content\/uploads\/sites\/5\/2022\/05\/DSC2105-2-242x300.jpg\" alt=\"\" width=\"332\" height=\"411\" srcset=\"https:\/\/linksjugend-solid-bw.de\/ortenau\/wp-content\/uploads\/sites\/5\/2022\/05\/DSC2105-2-242x300.jpg 242w, https:\/\/linksjugend-solid-bw.de\/ortenau\/wp-content\/uploads\/sites\/5\/2022\/05\/DSC2105-2-828x1024.jpg 828w, https:\/\/linksjugend-solid-bw.de\/ortenau\/wp-content\/uploads\/sites\/5\/2022\/05\/DSC2105-2-768x950.jpg 768w, https:\/\/linksjugend-solid-bw.de\/ortenau\/wp-content\/uploads\/sites\/5\/2022\/05\/DSC2105-2-1242x1536.jpg 1242w, https:\/\/linksjugend-solid-bw.de\/ortenau\/wp-content\/uploads\/sites\/5\/2022\/05\/DSC2105-2-1655x2048.jpg 1655w\" sizes=\"auto, (max-width: 332px) 100vw, 332px\" \/><\/a>Ich habe Angst vor einer Zukunft, in der Nachrichten von brennenden H\u00e4usern, zerst\u00f6rten St\u00e4dten und vertriebenen Menschen auf der ganzen Welt allt\u00e4glich geworden sind. Viele Menschen haben diese Angst. Diese Angst vor einem Weltkrieg. Und das ist auch v\u00f6llig verst\u00e4ndlich und in Ordnung. Nicht in Ordnung ist aber, dass diese Angst und Verwirrung in der Bev\u00f6lkerung von der Regierung jetzt ausgenutzt wird, um eine Politik des Aufr\u00fcstens und des Krieges einzuschlagen. Von manchen Politiker:innen wird momentan gerne so getan, als w\u00fcrden noch mehr Waffen irgendwie zu Frieden oder Sicherheit f\u00fchren. Als w\u00fcrde noch mehr Geld f\u00fcr die Bundeswehr irgendjemandem helfen, irgendein Leid verhindern. Doch das kurze Gef\u00fchl von Sicherheit durch Aufr\u00fcstung ist eine L\u00fcge! Es ist doch wohl klar, dass weitere 100 Milliarden Euro f\u00fcr die Armee kein Schritt in Richtung Frieden ist. Noch mehr Aufr\u00fcstung und noch mehr Waffen f\u00fchren eher zu einer weiteren Eskalation und werden keinen Frieden schaffen. Und das muss leider immer wieder gesagt werden: eine weitere Ausweitung des Krieges muss um jeden Preis verhindert werden!<\/p>\n\n\n<p><br>Die 100 Milliarden Euro Sonderverm\u00f6gen zeigen auch, dass es der Regierung aus SPD, Gr\u00fcnen und FDP ganz sicher nicht um Frieden oder Menschenleben geht, sondern darum, ihre Interessen zu sichern. Sie sind nicht gegen Krieg an sich. Sie sind nur gegen einen Krieg, der nicht ihren Interessen dient. Das belegen auch Beispiele wie der Afghanistan-Einsatz, der ein zerst\u00f6rtes Land und wiedererstarkte Taliban hinterlie\u00df; der Irakkrieg, der hunderttausende Todesopfer forderte und zahllose Menschenrechtsverletzungen und Kriegsverbrechen mit sich brachte oder der Kosovokrieg, bei dem Bombardements mit Beteiligung der Bundeswehr zur Flucht von Hunderttausenden f\u00fchrten. Und uns wollen sie dann wei\u00df machen, es ginge ihnen um Demokratie und Menschenrechte. Wo ist denn das Interesse dieser Regierung an Demokratie, wenn Waffen in Krisengebiete geliefert werden? Wo ist der Einsatz f\u00fcr die Menschenrechte bei den ganzen Kriegseins\u00e4tzen in den letzten Jahren gewesen? Kriege, wie der aktuelle in der Ukraine, sind also kein Kampf zwischen Demokratie und Diktatur, sondern sie sind ein Ringen um kapitalistische Einflusssph\u00e4ren. Es geht imperialistischen M\u00e4chten wie Russland oder den USA um ihre Vormachtstellung und ganz sicher nicht um Entnazifizierung oder Menschenrechte.<\/p>\n\n\n\n<p><br>Und die Menschen, die am Schluss darunter leiden, sind die normale Bev\u00f6lkerung. Auf dem R\u00fccken der Arbeiterklasse werden diese grausamen Konflikte ausgetragen. Aber so ist es ja immer: Wenn die Reichen f\u00fcr ihre Wirtschaftsinteressen in den Krieg ziehen, sind es die Armen, die sterben. Es ist immer die arbeitende Klasse, die auf den Schlachtfeldern dieser Welt f\u00fcr die Entscheidungen der Machthaber massakriert wird. Von Kriegen profitieren nur diejenigen, die entweder Geld damit verdienen oder ihre Vormachtstellung sichern wollen. Daran muss gedacht werden, wenn beim Krieg in der Ukraine mal wieder die Frage nach einer Intervention Deutschlands oder der USA aufkommt. Denn die Wahl zwischen Putin und der NATO ist eine falsche Wahl. Weder Putin, noch die NATO stehen f\u00fcr die Befreiung der ukrainischen Bev\u00f6lkerung. Unsere Solidarit\u00e4t gilt deswegen den Menschen, die unter den Kriegen leiden! Ob in der Ukraine, in Russland oder anderswo auf der Welt.<\/p>\n\n\n\n<p><br>Unfassbar dreist sind diese enormen Summen f\u00fcr die Bundeswehr auch angesichts der fehlenden Investitionen in Klimaschutz, Soziales oder die Gesundheitsversorgung. Immer, wenn wir in den letzten Jahren f\u00fcr diese wichtigen Themen demonstriert haben, wurde behauptet, es sei nicht genug Geld da. Kein Geld f\u00fcr unsere Gesundheit. Kein Geld f\u00fcr unsere Zukunft. Diese 100 Milliarden \u20ac f\u00fcr Aufr\u00fcstung f\u00fchlen sich deswegen an wie ein Schlag ins Gesicht. Das macht mich echt traurig. W\u00e4hrend die Pflegekr\u00e4fte seit Jahren am Limit arbeiten und in den Burnout getrieben werden, w\u00e4hrend Millionen Menschen f\u00fcr Klimaschutz auf die Stra\u00dfe gehen, investiert die Ampel-Koalition lieber in Krieg und Milit\u00e4r. Daf\u00fcr ist pl\u00f6tzlich genug Geld da.<\/p>\n\n\n\n<p><br>F\u00fcr uns stellt sich deshalb die Frage: wollen wir diese wachsenden Militarisierung hinnehmen? Eine Militarisierung, die nicht nur die Kriegsgefahr steigert, sondern auch noch Unmengen an Geld verschlingt, das im Klimaschutz, der Gesundheitsversorgung und so vielen anderen Bereichen fehlt.<br>Nein, das werden wir nicht hinnehmen. Wir fordern von der Bundesregierung von diesen 100 Milliarden Euro f\u00fcr das Milit\u00e4r abzusehen und auch vom 2% Ziel der NATO. Stattdessen muss das Geld endlich dort eingesetzt werden, wo es den Menschen wirklich hilft. Um Kriege nachhaltig zu \u00fcberwinden, m\u00fcssen wir den Kapitalismus abschaffen, denn sonst treibt das Streben nach Profit die Herrschenden zu immer weiteren Eroberungsz\u00fcgen an.<br>Lasst uns nicht schweigend dabei zusehen, wie die Kriegsverbrecher dieser Welt versuchen, die Menschen f\u00fcr ihre Interessen zu missbrauchen. Stehen wir auf f\u00fcr eine gerechte Welt in der Frieden herrscht.<\/p>\n\n\n\n<p><\/p>\n\n\n\n<p><\/p>\n\n\n\n<p class=\"has-text-align-left\"><a href=\"http:\/\/linksjugend-solid-bw.de\/ortenau\/\">Zur\u00fcck zur Startseite <\/a><\/p>\n","protected":false},"excerpt":{"rendered":"<p>Ich habe Angst vor einer Zukunft, in der Nachrichten von brennenden H\u00e4usern, zerst\u00f6rten St\u00e4dten und vertriebenen Menschen auf der ganzen Welt allt\u00e4glich geworden sind. Viele Menschen haben diese Angst. Diese Angst vor einem Weltkrieg. Und<\/p>\n","protected":false},"author":102,"featured_media":0,"parent":2268,"menu_order":1,"comment_status":"closed","ping_status":"closed","template":"","meta":{"jetpack_post_was_ever_published":false,"footnotes":"","_links_to":"","_links_to_target":""},"class_list":["post-2278","page","type-page","status-publish","hentry"],"jetpack_sharing_enabled":true,"jetpack_shortlink":"https:\/\/wp.me\/P4o1NU-AK","_links":{"self":[{"href":"https:\/\/linksjugend-solid-bw.de\/ortenau\/wp-json\/wp\/v2\/pages\/2278","targetHints":{"allow":["GET"]}}],"collection":[{"href":"https:\/\/linksjugend-solid-bw.de\/ortenau\/wp-json\/wp\/v2\/pages"}],"about":[{"href":"https:\/\/linksjugend-solid-bw.de\/ortenau\/wp-json\/wp\/v2\/types\/page"}],"author":[{"embeddable":true,"href":"https:\/\/linksjugend-solid-bw.de\/ortenau\/wp-json\/wp\/v2\/users\/102"}],"replies":[{"embeddable":true,"href":"https:\/\/linksjugend-solid-bw.de\/ortenau\/wp-json\/wp\/v2\/comments?post=2278"}],"version-history":[{"count":6,"href":"https:\/\/linksjugend-solid-bw.de\/ortenau\/wp-json\/wp\/v2\/pages\/2278\/revisions"}],"predecessor-version":[{"id":2429,"href":"https:\/\/linksjugend-solid-bw.de\/ortenau\/wp-json\/wp\/v2\/pages\/2278\/revisions\/2429"}],"up":[{"embeddable":true,"href":"https:\/\/linksjugend-solid-bw.de\/ortenau\/wp-json\/wp\/v2\/pages\/2268"}],"wp:attachment":[{"href":"https:\/\/linksjugend-solid-bw.de\/ortenau\/wp-json\/wp\/v2\/media?parent=2278"}],"curies":[{"name":"wp","href":"https:\/\/api.w.org\/{rel}","templated":true}]}}