{"id":2496,"date":"2022-05-16T19:13:02","date_gmt":"2022-05-16T19:13:02","guid":{"rendered":"https:\/\/linksjugend-solid-bw.de\/ortenau\/?page_id=2496"},"modified":"2022-05-16T19:14:16","modified_gmt":"2022-05-16T19:14:16","slug":"die-angst-vor-der-freiheit-podcast-von-fionn-stacey","status":"publish","type":"page","link":"https:\/\/linksjugend-solid-bw.de\/ortenau\/die-angst-vor-der-freiheit-podcast-von-fionn-stacey\/","title":{"rendered":"&#8222;Die Angst vor der Freiheit&#8220; Podcast von Fionn Stacey"},"content":{"rendered":"\n<p>&#8222;Ja, das ist schade.&#8220;, sagte mir der Polizist. &#8222;Ich war oft in diesem Wald, \u00f6fter als Sie.&#8220; Er hat Recht. Ich stehe vorm Hambacher Forst, bin extra aus Offenburg angereist, in der Hoffnung, die R\u00e4umung zu verhindern. Der Polizist vor mir l\u00e4sst das nicht zu, obwohl er genauso gegen die R\u00e4umung ist wie ich. Er glaubt, er m\u00fcsse gehorchen. Er will kein &#8222;Kameradenschwein&#8220; sein. Ich pers\u00f6nlich aber glaube, es gibt einen noch viel st\u00e4rkeren Grund. Er hat Angst vor der Freiheit.<\/p>\n\n\n\n<p><br>Gehen wir mal davon aus, eine gro\u00dfe Mehrheit der Deutschen wollte eine sozialere Politik, morgen. Wenn diese Masse nur f\u00fcr eine Woche nicht arbeiten gehen w\u00fcrde, das ginge auch durch Krankschreibung, w\u00fcrden es sich die Politiker nochmal anders \u00fcberlegen mit dem sozialen Kahlschlag. Die Demos k\u00f6nnen sie ignorieren, aber wenn wir tats\u00e4chlich Macht benutzen w\u00fcrden, die Macht, die wir haben, w\u00fcrden sie sofort auf uns eingehen. So aber geschieht, was scheinbar geschehen muss. Die Entscheidungen einer Minderheit werden durchgepr\u00fcgelt, wortw\u00f6rtlich, wenn man an den Hambacher Forst denkt. Die gro\u00dfe Masse f\u00fchlt sich ohnm\u00e4chtig. Wir denken, Politiker und Konzernchefs h\u00e4tten Macht und Bedeutung. Das ist ein Aberglaube. Keinem Politiker wohnt Macht inne. Es sind unsere Handlungen, die sie m\u00e4chtig machen. Wir gehorchen ihren Befehlen, wir produzieren ihre Profite, wir glauben ihre L\u00fcgen. Es macht den Leuten Angst, es auszusprechen. Ja, sie sind mit der Vorstellung \u00fcberfordert, dass sie die Welt kreieren. Dass alles Gute und Schlechte von ihnen gemacht ist. Dass ihr Motzen auf &#8222;die da oben&#8220; ein Aberglaube ist, dass sie als Volk die volle Verantwortung f\u00fcr ihr Land haben.<\/p>\n\n\n\n<p><br>Die Verantwortung haben wir sowieso. Man sieht jetzt gerade, was passiert, wenn wir sie nicht \u00fcbernehmen. Der Forst wird gerodet, die Atomkraftwerke laufen munter weiter, die Kinder schleusen wir durch ein marodes Schulsystem, dem jeder Neurowissenschaftler und jeder anst\u00e4ndige P\u00e4dagoge widerspricht, die Arbeitslosen sanktionieren wir, statt ihnen zu helfen und die R\u00fcstungsindustrie w\u00e4chst.<br>Die meisten Leute schieben die Schuld daf\u00fcr auf die Elite, auf die B\u00fcrokraten, auf das Establishment. Aber wir m\u00fcssen erkennen: dass ist alles unser Werk, weil wir t\u00e4glich als R\u00e4dchen in diesem System funktionieren. Wir alle sterben unseren kleinen Tod. Jeden Tag, bei der Arbeit, auf dem Amt und zusammen ergibt das ein sterbender Planet. Mir sagte einmal ein Syrer, das fand ich sehr bezeichnend, &#8222;Ihr Deutschen habt so viele M\u00f6glichkeiten, zu protestieren. Wenn ihr euch weigert, einen Befehl auszuf\u00fchren, wenn ihr anfangt, f\u00fcr eure Rechte zu k\u00e4mpfen, werdet ihr nicht gefoltert. Ihr werdet nicht an die Wand gestellt und hingerichtet. Und trotzdem hat man&#8230;&#8220;, zumindest zu dem Zeitpunkt als sie mir das sagte, &#8222;&#8230;mehr Syrer auf der Stra\u00dfe gesehen, als jemals Deutsche in den letzten Jahrzehnten.&#8220; Und das ist wirklich ein Armutszeugnis.<\/p>\n\n\n<p><a href=\"https:\/\/linksjugend-solid-bw.de\/ortenau\/\">Zur\u00fcck zur Startseite<\/a><\/p>\n\n\n<p><\/p>\n","protected":false},"excerpt":{"rendered":"<p>&#8222;Ja, das ist schade.&#8220;, sagte mir der Polizist. &#8222;Ich war oft in diesem Wald, \u00f6fter als Sie.&#8220; Er hat Recht. Ich stehe vorm Hambacher Forst, bin extra aus Offenburg angereist, in der Hoffnung, die R\u00e4umung<\/p>\n","protected":false},"author":102,"featured_media":0,"parent":0,"menu_order":0,"comment_status":"closed","ping_status":"closed","template":"","meta":{"jetpack_post_was_ever_published":false,"footnotes":"","_links_to":"","_links_to_target":""},"class_list":["post-2496","page","type-page","status-publish","hentry"],"jetpack_sharing_enabled":true,"jetpack_shortlink":"https:\/\/wp.me\/P4o1NU-Eg","_links":{"self":[{"href":"https:\/\/linksjugend-solid-bw.de\/ortenau\/wp-json\/wp\/v2\/pages\/2496","targetHints":{"allow":["GET"]}}],"collection":[{"href":"https:\/\/linksjugend-solid-bw.de\/ortenau\/wp-json\/wp\/v2\/pages"}],"about":[{"href":"https:\/\/linksjugend-solid-bw.de\/ortenau\/wp-json\/wp\/v2\/types\/page"}],"author":[{"embeddable":true,"href":"https:\/\/linksjugend-solid-bw.de\/ortenau\/wp-json\/wp\/v2\/users\/102"}],"replies":[{"embeddable":true,"href":"https:\/\/linksjugend-solid-bw.de\/ortenau\/wp-json\/wp\/v2\/comments?post=2496"}],"version-history":[{"count":3,"href":"https:\/\/linksjugend-solid-bw.de\/ortenau\/wp-json\/wp\/v2\/pages\/2496\/revisions"}],"predecessor-version":[{"id":2500,"href":"https:\/\/linksjugend-solid-bw.de\/ortenau\/wp-json\/wp\/v2\/pages\/2496\/revisions\/2500"}],"wp:attachment":[{"href":"https:\/\/linksjugend-solid-bw.de\/ortenau\/wp-json\/wp\/v2\/media?parent=2496"}],"curies":[{"name":"wp","href":"https:\/\/api.w.org\/{rel}","templated":true}]}}