{"id":2507,"date":"2022-05-17T10:37:10","date_gmt":"2022-05-17T10:37:10","guid":{"rendered":"http:\/\/linksjugend-solid-bw.de\/ortenau\/?page_id=2507"},"modified":"2022-05-19T15:14:23","modified_gmt":"2022-05-19T15:14:23","slug":"das-lebende-fossil-podcast-von-fionn-stacey","status":"publish","type":"page","link":"https:\/\/linksjugend-solid-bw.de\/ortenau\/das-lebende-fossil-podcast-von-fionn-stacey\/","title":{"rendered":"&#8222;Das lebende Fossil&#8220; Podcast von Fionn Stacey"},"content":{"rendered":"\n<p>Der g\u00e4ngige Marxismus ist ein lebendes Fossil, eingeschlossen im harten Gestein seiner Leidensgeschichte. Ein Fossil lebt normalerweise nicht, es kann sich nicht bewegen. Die Marxisten sind jedoch lebendige Wesen und ihr Anliegen der realen lebendigen Welt entnommen und auf sie bezogen. Zu Lebzeiten dazu verurteilt, ein Fossil zu sein, lebt der Marxismus und kann sich dennoch nicht bewegen. Will man ihn befreien, muss man ihm wehtun, denn die Werkzeuge, mit denen wir versuchen, seine Schale zu durchbrechen, treffen immer auch ihn selbst. All die Marxisten, die ihn sch\u00fctzen, halten ihn in seiner Reglosigkeit und sch\u00fctzen seinen Panzer. Ihr Dienst widerstrebt dem lebendigen Wesen der marxschen Maxime: De Omnibus debutandum (alles soll angezweifelt\/kritisiert werden). Ans Licht der Welt zu zerren und ohne Scham und falsche R\u00fccksichtnahme den Menschen ehrlich ihre Unzul\u00e4nglichkeiten vorzuhalten war und ist das marxsche Projekt. Die b\u00fcrgerlich-christliche Realitats- (bzw. Existenz-) Angst sollte aufgel\u00f6st werden.<\/p>\n\n\n\n<p>Und nun? Da sitzen sie in ihrer Trutzburg und lassen nichts hinein und nichts hinaus was ihnen verd\u00e4chtig erscheint &#8211; und verd\u00e4chtig erscheint ihnen vieles, denn das Verd\u00e4chtigen ist ihr Gesch\u00e4ft. Sie sind die Lebensangst. Und die Staaten und Apparate, die sie schufen, schaffen die Starrheit. Ach, wie konnte das geschehen? Geboren im Chaos einer unleserlichen Handschrift, im Wirbel von Revolutionen, im Geist unb\u00e4ndigbarer Exzentrizit\u00e4t wurde die Mutter der Langeweile geboren, deren Enkel mit offenem Mund und weit aufgerissenen Augen den Zug der Geschichte mal aufs mal an sich vorbeirauschen lassen. Die Kraft der Ver\u00e4nderung wird so bitter ben\u00f6tigt, doch sie stehen da, unt\u00e4tig, trotzig, nicht bereit sich zu r\u00fchren, in Bewegung zu kommen, und nennen sich doch &#8222;Bewegung&#8220;.<\/p>\n\n\n\n<p>Eine Bewegung deren vornehmlichstes Ziel es ist sich die Parolen von Gestern mit eiserner Miene einzubl\u00e4uen. F\u00fcr die die im KZ starben, f\u00fcr die M\u00e4rtyrer denen man verpflichtet ist, deren Leid unvorstellbar ist und sich eingebrannt hat in Generationen von Furcht. So humpelt die Linke, schwer verwundet, der Geschichte h\u00f6chstens noch hinterher statt sie abzuschieben und entdeckt in sich die \u00dcbel ihres Feindes wieder. Das Rigide, die gedankenlose Tradition, das unanzweifelbare Heilige, das nicht ver\u00e4ndert werden darf, weil auch die Vorv\u00e4ter es schon so taten.<\/p>\n\n\n\n<p>Die antropologischen Grundprobleme von Ver\u00e4nderung werden der Linken so pl\u00f6tzlich bewusst in Form ihrer eigenen Probleme. Schwerlich kann sie daher noch glaubhaft ihr Lieblingsspiel spielen und mit dem Finger auf das Andere zeigen und sagen &#8222;Du bist das Problem! Ich bin die L\u00f6sung! Du hast nichts verstanden! Ich habe verstanden! Du musst so werden wie ich!&#8220; Dieses Spiel hat sich ausgespielt und das ist gut so. Es zeigt, dass der eiserne Vorhang zwischen der Linken und dem Rest der Welt gefallen ist. Denn auf dieser Irrfahrt sitzen wir nun alle im selben Boot. Der Rest der Gesellschaft ist der Linken wenigstens in dieser Erkenntnis vorraus. Die Probleme gehen nicht nur uns alle etwas an, sie haben auch mit uns alle etwas zu tun. Mit der Art und Weise wie wir Menschen funktionieren, wie wir unsere Zivilisation ausgerichtet haben, wie wir denken und sind. So haben wir auch alle in dieser Krise etwas \u00fcber uns selbst und unser eigenes Sein zu lernen. Keiner ist mehr der Schulmeister. Nicht ich, nicht du, nicht der alte Marx, nur die Welt ganz allein, ob wir uns ihr \u00f6ffnen oder nicht.<\/p>\n\n\n\n<p><a href=\"http:\/\/linksjugend-solid-bw.de\/ortenau\/\">Zur\u00fcck zur Startseite <\/a><\/p>\n","protected":false},"excerpt":{"rendered":"<p>Der g\u00e4ngige Marxismus ist ein lebendes Fossil, eingeschlossen im harten Gestein seiner Leidensgeschichte. Ein Fossil lebt normalerweise nicht, es kann sich nicht bewegen. Die Marxisten sind jedoch lebendige Wesen und ihr Anliegen der realen lebendigen<\/p>\n","protected":false},"author":102,"featured_media":0,"parent":0,"menu_order":0,"comment_status":"closed","ping_status":"closed","template":"","meta":{"jetpack_post_was_ever_published":false,"footnotes":"","_links_to":"","_links_to_target":""},"class_list":["post-2507","page","type-page","status-publish","hentry"],"jetpack_sharing_enabled":true,"jetpack_shortlink":"https:\/\/wp.me\/P4o1NU-Er","_links":{"self":[{"href":"https:\/\/linksjugend-solid-bw.de\/ortenau\/wp-json\/wp\/v2\/pages\/2507","targetHints":{"allow":["GET"]}}],"collection":[{"href":"https:\/\/linksjugend-solid-bw.de\/ortenau\/wp-json\/wp\/v2\/pages"}],"about":[{"href":"https:\/\/linksjugend-solid-bw.de\/ortenau\/wp-json\/wp\/v2\/types\/page"}],"author":[{"embeddable":true,"href":"https:\/\/linksjugend-solid-bw.de\/ortenau\/wp-json\/wp\/v2\/users\/102"}],"replies":[{"embeddable":true,"href":"https:\/\/linksjugend-solid-bw.de\/ortenau\/wp-json\/wp\/v2\/comments?post=2507"}],"version-history":[{"count":3,"href":"https:\/\/linksjugend-solid-bw.de\/ortenau\/wp-json\/wp\/v2\/pages\/2507\/revisions"}],"predecessor-version":[{"id":2587,"href":"https:\/\/linksjugend-solid-bw.de\/ortenau\/wp-json\/wp\/v2\/pages\/2507\/revisions\/2587"}],"wp:attachment":[{"href":"https:\/\/linksjugend-solid-bw.de\/ortenau\/wp-json\/wp\/v2\/media?parent=2507"}],"curies":[{"name":"wp","href":"https:\/\/api.w.org\/{rel}","templated":true}]}}