{"id":177,"date":"2015-01-27T16:31:22","date_gmt":"2015-01-27T16:31:22","guid":{"rendered":"http:\/\/linksjugend-solid-bw.de\/villingen-schwenningen\/?page_id=177"},"modified":"2016-04-18T00:47:32","modified_gmt":"2016-04-18T00:47:32","slug":"veranstaltungen","status":"publish","type":"page","link":"https:\/\/linksjugend-solid-bw.de\/schwarzwald-baar\/veranstaltungen\/","title":{"rendered":"Veranstaltungen:"},"content":{"rendered":"<p style=\"text-align: justify\"><span style=\"text-decoration: underline\"><strong>Aktuelle Veranstaltungen:<\/strong><\/span><\/p>\n<ul style=\"text-align: justify\">\n<li style=\"text-align: left\">Derzeit sind leider keine besonderen Veranstaltungen so fest geplant, dass wir sie ank\u00fcndigen k\u00f6nnen, aber wir arbeiten daran. Abbonniere uns doch auf\u00a0<a href=\"https:\/\/www.facebook.com\/solid.vs\/\" target=\"_blank\">Facebook<\/a>, um auf dem Laufenden zu bleiben!<\/li>\n<\/ul>\n<hr \/>\n<p style=\"text-align: justify\"><span style=\"text-decoration: underline\"><strong>Regelm\u00e4\u00dfige Veranstaltungen:<\/strong><\/span><\/p>\n<ul>\n<li style=\"text-align: justify\"><a href=\"http:\/\/linksjugend-solid-bw.de\/schwarzwald-baar\/stadtjugendplenum\/\" target=\"_blank\">Stadtjugendplenum<\/a>\u00a0\/\/ Jeden zweiten und vierten Mittwoch im Monat \/\/ 18:00 Uhr \/\/ Jugend- und Kulturzentrum K3 (Kalkofenstr. 3a \/ VS-Villingen)<\/li>\n<\/ul>\n<hr \/>\n<p style=\"text-align: justify\"><strong>Alle Veranstaltungen findest Du au\u00dferdem auf unserer\u00a0<a href=\"https:\/\/www.facebook.com\/solid.vs\/events\" target=\"_blank\">Veranstaltungs\u00fcbersicht auf Facebook<\/a>, die Du abonnieren kannst, um auf dem Laufenden zu bleiben!\u00a0<\/strong><\/p>\n<hr \/>\n<p style=\"text-align: justify\">Bei aktuellen Veranstaltungen (Vortr\u00e4gen, Seminaren, Workshops) setzen wir oft unsere eigenen Interessen um bzw. Themen, die wir f\u00fcr wichtig erachten. <strong>Wir sind aber immer offen f\u00fcr Veranstaltungsvorschl\u00e4ge zu bestimmten Themen.<\/strong> Vielleicht w\u00fcrdest Du gerne einmal mehr \u00fcber Thema X erfahren, vielleicht kennst Du aber auch eine*n Referent*in oder w\u00fcrdest selbst gerne zu einem Thema vortragen? Schreibe uns doch einfach eine\u00a0<a href=\"http:\/\/linksjugend-solid-bw.de\/schwarzwald-baar\/kontakt\/\" target=\"_blank\">E-Mail<\/a>\u00a0oder komm bei einem unserer\u00a0<a href=\"http:\/\/linksjugend-solid-bw.de\/schwarzwald-baar\/stadtjugendplenum\/\" target=\"_blank\">Treffen<\/a>\u00a0vorbei und vielleicht k\u00f6nnen wir gemeinsam etwas organisieren!<\/p>\n<p style=\"text-align: justify\">\n","protected":false},"excerpt":{"rendered":"<p>Aktuelle Veranstaltungen: Derzeit sind leider keine besonderen Veranstaltungen so fest geplant, dass wir sie ank\u00fcndigen k\u00f6nnen, aber wir arbeiten daran. Abbonniere uns doch auf\u00a0Facebook, um auf dem Laufenden zu bleiben! Regelm\u00e4\u00dfige Veranstaltungen: Stadtjugendplenum\u00a0\/\/ Jeden zweiten<\/p>\n","protected":false},"author":35,"featured_media":0,"parent":0,"menu_order":0,"comment_status":"closed","ping_status":"closed","template":"","meta":{"jetpack_post_was_ever_published":false,"footnotes":"","_links_to":"","_links_to_target":""},"class_list":["post-177","page","type-page","status-publish","hentry"],"jetpack_sharing_enabled":true,"jetpack_shortlink":"https:\/\/wp.me\/P4o1qP-2R","_links":{"self":[{"href":"https:\/\/linksjugend-solid-bw.de\/schwarzwald-baar\/wp-json\/wp\/v2\/pages\/177","targetHints":{"allow":["GET"]}}],"collection":[{"href":"https:\/\/linksjugend-solid-bw.de\/schwarzwald-baar\/wp-json\/wp\/v2\/pages"}],"about":[{"href":"https:\/\/linksjugend-solid-bw.de\/schwarzwald-baar\/wp-json\/wp\/v2\/types\/page"}],"author":[{"embeddable":true,"href":"https:\/\/linksjugend-solid-bw.de\/schwarzwald-baar\/wp-json\/wp\/v2\/users\/35"}],"replies":[{"embeddable":true,"href":"https:\/\/linksjugend-solid-bw.de\/schwarzwald-baar\/wp-json\/wp\/v2\/comments?post=177"}],"version-history":[{"count":10,"href":"https:\/\/linksjugend-solid-bw.de\/schwarzwald-baar\/wp-json\/wp\/v2\/pages\/177\/revisions"}],"predecessor-version":[{"id":559,"href":"https:\/\/linksjugend-solid-bw.de\/schwarzwald-baar\/wp-json\/wp\/v2\/pages\/177\/revisions\/559"}],"wp:attachment":[{"href":"https:\/\/linksjugend-solid-bw.de\/schwarzwald-baar\/wp-json\/wp\/v2\/media?parent=177"}],"curies":[{"name":"wp","href":"https:\/\/api.w.org\/{rel}","templated":true}]}}