{"id":315,"date":"2016-04-14T00:13:22","date_gmt":"2016-04-14T00:13:22","guid":{"rendered":"http:\/\/linksjugend-solid-bw.de\/schwarzwald-baar\/?page_id=315"},"modified":"2016-04-18T00:39:21","modified_gmt":"2016-04-18T00:39:21","slug":"satzung","status":"publish","type":"page","link":"https:\/\/linksjugend-solid-bw.de\/schwarzwald-baar\/basisgruppe\/satzung\/","title":{"rendered":"Satzung:"},"content":{"rendered":"<p style=\"text-align: justify\">Um als Gruppe professioneller arbeiten zu k\u00f6nnen, haben wir uns dazu entschieden in den n\u00e4chsten Monaten gemeinsam eine Satzung (inkl. Finanzordnung) f\u00fcr die Linksjugend [&#8217;solid] Villingen-Schwenningen zu erarbeiten. Sobald sie fertiggestellt ist und von unseren Mitgliedern beschlossen wurde, k\u00f6nnt ihr sie an dieser Stelle einsehen und herunterladen.<\/p>\n<hr \/>\n<ul>\n<li style=\"text-align: justify\">Satzung (pdf.-Datei)<\/li>\n<li style=\"text-align: justify\">Finanzordnung (pdf.-Datei)<\/li>\n<\/ul>\n","protected":false},"excerpt":{"rendered":"<p>Um als Gruppe professioneller arbeiten zu k\u00f6nnen, haben wir uns dazu entschieden in den n\u00e4chsten Monaten gemeinsam eine Satzung (inkl. Finanzordnung) f\u00fcr die Linksjugend [&#8217;solid] Villingen-Schwenningen zu erarbeiten. Sobald sie fertiggestellt ist und von unseren<\/p>\n","protected":false},"author":35,"featured_media":0,"parent":303,"menu_order":0,"comment_status":"closed","ping_status":"closed","template":"","meta":{"jetpack_post_was_ever_published":false,"footnotes":"","_links_to":"","_links_to_target":""},"class_list":["post-315","page","type-page","status-publish","hentry"],"jetpack_sharing_enabled":true,"jetpack_shortlink":"https:\/\/wp.me\/P4o1qP-55","_links":{"self":[{"href":"https:\/\/linksjugend-solid-bw.de\/schwarzwald-baar\/wp-json\/wp\/v2\/pages\/315","targetHints":{"allow":["GET"]}}],"collection":[{"href":"https:\/\/linksjugend-solid-bw.de\/schwarzwald-baar\/wp-json\/wp\/v2\/pages"}],"about":[{"href":"https:\/\/linksjugend-solid-bw.de\/schwarzwald-baar\/wp-json\/wp\/v2\/types\/page"}],"author":[{"embeddable":true,"href":"https:\/\/linksjugend-solid-bw.de\/schwarzwald-baar\/wp-json\/wp\/v2\/users\/35"}],"replies":[{"embeddable":true,"href":"https:\/\/linksjugend-solid-bw.de\/schwarzwald-baar\/wp-json\/wp\/v2\/comments?post=315"}],"version-history":[{"count":4,"href":"https:\/\/linksjugend-solid-bw.de\/schwarzwald-baar\/wp-json\/wp\/v2\/pages\/315\/revisions"}],"predecessor-version":[{"id":540,"href":"https:\/\/linksjugend-solid-bw.de\/schwarzwald-baar\/wp-json\/wp\/v2\/pages\/315\/revisions\/540"}],"up":[{"embeddable":true,"href":"https:\/\/linksjugend-solid-bw.de\/schwarzwald-baar\/wp-json\/wp\/v2\/pages\/303"}],"wp:attachment":[{"href":"https:\/\/linksjugend-solid-bw.de\/schwarzwald-baar\/wp-json\/wp\/v2\/media?parent=315"}],"curies":[{"name":"wp","href":"https:\/\/api.w.org\/{rel}","templated":true}]}}