{"id":354,"date":"2016-04-14T01:24:17","date_gmt":"2016-04-14T01:24:17","guid":{"rendered":"http:\/\/linksjugend-solid-bw.de\/schwarzwald-baar\/?page_id=354"},"modified":"2016-04-18T00:37:35","modified_gmt":"2016-04-18T00:37:35","slug":"aakk","status":"publish","type":"page","link":"https:\/\/linksjugend-solid-bw.de\/schwarzwald-baar\/basisgruppe\/aakk\/","title":{"rendered":"Aussch\u00fcsse, Arbeitskreise, Kommissionen und Komitees:"},"content":{"rendered":"<p style=\"text-align: justify\">Den Mitgliedern der Linksjugend [&#8217;solid] Villingen-Schwenningen steht es frei, Aussch\u00fcsse, Arbeitskreise, Kommissionen und Komitees (o.\u00e4.)\u00a0zu bilden, um sich auf bestimmte Themen zu spezialisieren. Derzeit existieren folgende:<\/p>\n<ul style=\"text-align: justify\">\n<li><a href=\"http:\/\/linksjugend-solid-bw.de\/schwarzwald-baar\/kpb\/\" target=\"_blank\">Komitee f\u00fcr politische Bildung (KPB)<\/a><\/li>\n<li><a href=\"http:\/\/linksjugend-solid-bw.de\/schwarzwald-baar\/kpo\/\" target=\"_blank\">Komitee f\u00fcr Presse- und \u00d6ffentlichkeitsarbeit (KP\u00d6)<\/a><\/li>\n<li><a href=\"http:\/\/linksjugend-solid-bw.de\/schwarzwald-baar\/historische-kommission\/\" target=\"_blank\">Historische Kommission<\/a><\/li>\n<\/ul>\n<hr \/>\n<p style=\"text-align: justify\">Du hast ein Thema, auf dass Du Dich spezialisieren m\u00f6chtest? Dann\u00a0<a href=\"https:\/\/www.linksjugend-solid.de\/wp-content\/uploads\/2016\/01\/ljs-eintritt-2016.pdf\" target=\"_blank\">werde Mitglied<\/a>\u00a0und engagiere Dich bei der Linksjugend [&#8217;solid] Villingen-Schwenningen!<\/p>\n<p style=\"text-align: justify\">\n","protected":false},"excerpt":{"rendered":"<p>Den Mitgliedern der Linksjugend [&#8217;solid] Villingen-Schwenningen steht es frei, Aussch\u00fcsse, Arbeitskreise, Kommissionen und Komitees (o.\u00e4.)\u00a0zu bilden, um sich auf bestimmte Themen zu spezialisieren. Derzeit existieren folgende: Komitee f\u00fcr politische Bildung (KPB) Komitee f\u00fcr Presse- und<\/p>\n","protected":false},"author":35,"featured_media":0,"parent":303,"menu_order":0,"comment_status":"closed","ping_status":"closed","template":"","meta":{"jetpack_post_was_ever_published":false,"footnotes":"","_links_to":"","_links_to_target":""},"class_list":["post-354","page","type-page","status-publish","hentry"],"jetpack_sharing_enabled":true,"jetpack_shortlink":"https:\/\/wp.me\/P4o1qP-5I","_links":{"self":[{"href":"https:\/\/linksjugend-solid-bw.de\/schwarzwald-baar\/wp-json\/wp\/v2\/pages\/354","targetHints":{"allow":["GET"]}}],"collection":[{"href":"https:\/\/linksjugend-solid-bw.de\/schwarzwald-baar\/wp-json\/wp\/v2\/pages"}],"about":[{"href":"https:\/\/linksjugend-solid-bw.de\/schwarzwald-baar\/wp-json\/wp\/v2\/types\/page"}],"author":[{"embeddable":true,"href":"https:\/\/linksjugend-solid-bw.de\/schwarzwald-baar\/wp-json\/wp\/v2\/users\/35"}],"replies":[{"embeddable":true,"href":"https:\/\/linksjugend-solid-bw.de\/schwarzwald-baar\/wp-json\/wp\/v2\/comments?post=354"}],"version-history":[{"count":5,"href":"https:\/\/linksjugend-solid-bw.de\/schwarzwald-baar\/wp-json\/wp\/v2\/pages\/354\/revisions"}],"predecessor-version":[{"id":532,"href":"https:\/\/linksjugend-solid-bw.de\/schwarzwald-baar\/wp-json\/wp\/v2\/pages\/354\/revisions\/532"}],"up":[{"embeddable":true,"href":"https:\/\/linksjugend-solid-bw.de\/schwarzwald-baar\/wp-json\/wp\/v2\/pages\/303"}],"wp:attachment":[{"href":"https:\/\/linksjugend-solid-bw.de\/schwarzwald-baar\/wp-json\/wp\/v2\/media?parent=354"}],"curies":[{"name":"wp","href":"https:\/\/api.w.org\/{rel}","templated":true}]}}