{"id":514,"date":"2016-04-17T22:02:22","date_gmt":"2016-04-17T22:02:22","guid":{"rendered":"http:\/\/linksjugend-solid-bw.de\/schwarzwald-baar\/?page_id=514"},"modified":"2016-04-18T00:46:21","modified_gmt":"2016-04-18T00:46:21","slug":"mitglied-werden","status":"publish","type":"page","link":"https:\/\/linksjugend-solid-bw.de\/schwarzwald-baar\/positionen\/faq\/mitglied-werden\/","title":{"rendered":"Wie werde ich Mitglied in der Linksjugend [&#8217;solid]?"},"content":{"rendered":"<p style=\"text-align: justify\">Wir unterscheiden in diesem Fall zwischen aktiven und passiven Mitgliedern, sowie regelm\u00e4\u00dfigen Unterst\u00fctzer*innen unserer Basisgruppe:<\/p>\n<ul>\n<li style=\"text-align: justify\"><strong>Aktives Mitglied ist, wer <a href=\"https:\/\/www.linksjugend-solid.de\/wp-content\/uploads\/2016\/01\/ljs-eintritt-2016.pdf\" target=\"_blank\">offiziell der Linksjugend [&#8217;solid] beigetreten ist<\/a> und regelm\u00e4\u00dfig\u00a0<a href=\"http:\/\/linksjugend-solid-bw.de\/schwarzwald-baar\/positionen\/faq\/kosten_mitgliedschaft\/\" target=\"_blank\">Mitgliedsbeitrag<\/a>\u00a0zahlt.<\/strong> Die aktive Mitgliedschaft gew\u00e4hrt einige Vorteile, u.a. das Stimmrecht bei\u00a0Mitgliederversammlungen auf Stadt- und Landesebene, sowie Fahrtkostenerstattungen bei Veranstaltungen auf Landes- und Bundesebene (z.B. Verbandswochenende).<\/li>\n<li style=\"text-align: justify\"><strong>Passives Mitglied ist, wer bereits offizielles Mitglied bei\u00a0Die Linke. geworden und zwischen 14 und 35 Jahre alt ist.<\/strong> Passive Mitglieder k\u00f6nnen sich mit einer E-Mail an den\u00a0<a href=\"http:\/\/linksjugend-solid-bw.de\/verband\/lspr\/\" target=\"_blank\">Landessprecher*innenrat (LSpR) der Linksjugend [&#8217;solid] Baden-W\u00fcrttemberg<\/a>\u00a0ganz einfach als aktive Mitglieder aktivieren lassen.<\/li>\n<li style=\"text-align: justify\"><strong>Regelm\u00e4\u00dfige Unterst\u00fctzer*innen unserer Basisgruppe sind i.d.R. weder aktive, noch passive Mitglieder des Jugendverbandes, sondern junge Menschen, die daran interessiert sind sich mit uns zu engagieren.<\/strong> Sie kommen regelm\u00e4\u00dfig zu unseren Treffen, diskutieren mit uns und helfen bei Veranstaltungen oder\u00a0Aktionen mit. Unseren Unterst\u00fctzer*innen kann auf Beschluss der aktiven Mitglieder das Wahl- und Stimmrecht bei Mitgliederversammlungen der Basisgruppe erteilt werden.<\/li>\n<\/ul>\n<hr \/>\n<p style=\"text-align: justify\">Wie Du sehen kannst, ist es nicht zwingend notwendig, Mitglied der Linksjugend [&#8217;solid] zu sein, um ein Teil unserer Basisgruppe zu sein und kannst daher auch einfach so bei uns mitmachen. Sp\u00e4ter kannst Du Dich immer noch daf\u00fcr entscheiden, auch offiziell\u00a0<a href=\"https:\/\/www.linksjugend-solid.de\/wp-content\/uploads\/2016\/01\/ljs-eintritt-2016.pdf\" target=\"_blank\">Mitglied zu werden<\/a>. Was das kostet (Mitgliedsbeitrag), findest Du\u00a0<a href=\"http:\/\/linksjugend-solid-bw.de\/schwarzwald-baar\/positionen\/faq\/kosten_mitgliedschaft\/\" target=\"_blank\">hier<\/a>\u00a0heraus.<\/p>\n<p>&nbsp;<\/p>\n","protected":false},"excerpt":{"rendered":"<p>Wir unterscheiden in diesem Fall zwischen aktiven und passiven Mitgliedern, sowie regelm\u00e4\u00dfigen Unterst\u00fctzer*innen unserer Basisgruppe: Aktives Mitglied ist, wer offiziell der Linksjugend [&#8217;solid] beigetreten ist und regelm\u00e4\u00dfig\u00a0Mitgliedsbeitrag\u00a0zahlt. Die aktive Mitgliedschaft gew\u00e4hrt einige Vorteile, u.a. das<\/p>\n","protected":false},"author":35,"featured_media":0,"parent":445,"menu_order":0,"comment_status":"closed","ping_status":"closed","template":"","meta":{"jetpack_post_was_ever_published":false,"footnotes":"","_links_to":"","_links_to_target":""},"class_list":["post-514","page","type-page","status-publish","hentry"],"jetpack_sharing_enabled":true,"jetpack_shortlink":"https:\/\/wp.me\/P4o1qP-8i","_links":{"self":[{"href":"https:\/\/linksjugend-solid-bw.de\/schwarzwald-baar\/wp-json\/wp\/v2\/pages\/514","targetHints":{"allow":["GET"]}}],"collection":[{"href":"https:\/\/linksjugend-solid-bw.de\/schwarzwald-baar\/wp-json\/wp\/v2\/pages"}],"about":[{"href":"https:\/\/linksjugend-solid-bw.de\/schwarzwald-baar\/wp-json\/wp\/v2\/types\/page"}],"author":[{"embeddable":true,"href":"https:\/\/linksjugend-solid-bw.de\/schwarzwald-baar\/wp-json\/wp\/v2\/users\/35"}],"replies":[{"embeddable":true,"href":"https:\/\/linksjugend-solid-bw.de\/schwarzwald-baar\/wp-json\/wp\/v2\/comments?post=514"}],"version-history":[{"count":3,"href":"https:\/\/linksjugend-solid-bw.de\/schwarzwald-baar\/wp-json\/wp\/v2\/pages\/514\/revisions"}],"predecessor-version":[{"id":555,"href":"https:\/\/linksjugend-solid-bw.de\/schwarzwald-baar\/wp-json\/wp\/v2\/pages\/514\/revisions\/555"}],"up":[{"embeddable":true,"href":"https:\/\/linksjugend-solid-bw.de\/schwarzwald-baar\/wp-json\/wp\/v2\/pages\/445"}],"wp:attachment":[{"href":"https:\/\/linksjugend-solid-bw.de\/schwarzwald-baar\/wp-json\/wp\/v2\/media?parent=514"}],"curies":[{"name":"wp","href":"https:\/\/api.w.org\/{rel}","templated":true}]}}