{"id":21,"date":"2014-03-07T14:19:15","date_gmt":"2014-03-07T14:19:15","guid":{"rendered":"http:\/\/linksjugend-solid-bw.de\/stuttgart\/?page_id=21"},"modified":"2019-02-27T08:37:33","modified_gmt":"2019-02-27T08:37:33","slug":"kontakt-presse-impressum","status":"publish","type":"page","link":"https:\/\/linksjugend-solid-bw.de\/stuttgart\/kontakt-presse-impressum\/","title":{"rendered":"Kontakt \/ Impressum"},"content":{"rendered":"<p class=\"bodytext\"><span style=\"color: #ff0000\"><strong>Kontakt<\/strong><\/span><\/p>\n<p class=\"anreisser\">E-Mail: <a class=\"mail\" href=\"mailto:stuttgart@linksjugend-solid-bw.de\">stuttgart@linksjugend-solid-bw.de<\/a><\/p>\n<p class=\"bodytext\">\u00dcber den Postweg:<\/p>\n<p class=\"bodytext\">Linksjugend [&#8217;solid] Stuttgart c\/o DIE LINKE. Stuttgart<br \/>Falkertstra\u00dfe 58<br \/>70176 Stuttgart<\/p>\n<p class=\"bodytext\">Facebook:<a class=\"external-link-new-window\" href=\"https:\/\/www.facebook.com\/solidstuttgart\" target=\"_blank\" rel=\"noopener noreferrer\"> https:\/\/www.facebook.com\/solidstuttgart<\/a><\/p>\n<p class=\"bodytext\">Twitter: <a class=\"external-link-new-window\" href=\"https:\/\/twitter.com\/solidstuttgart\" target=\"_blank\" rel=\"nofollow nofollow noopener noreferrer\">https:\/\/twitter.com\/solidstuttgart<\/a><\/p>\n<p>Instagram: <a href=\"https:\/\/www.instagram.com\/linksjugendsolid_stuttgart\">https:\/\/www.instagram.com\/linksjugendsolid_stuttgart<\/a><\/p>\n<p><a href=\"http:\/\/linksjugend-solid-bw.de\/stuttgart\/kontakt-presse-impressum\/images\/\" rel=\"attachment wp-att-1099\"><img loading=\"lazy\" decoding=\"async\" class=\"alignnone size-medium wp-image-1099\" src=\"http:\/\/linksjugend-solid-bw.de\/stuttgart\/wp-content\/uploads\/sites\/8\/2014\/03\/images-300x120.jpg\" alt=\"\" width=\"300\" height=\"120\" srcset=\"https:\/\/linksjugend-solid-bw.de\/stuttgart\/wp-content\/uploads\/sites\/8\/2014\/03\/images-300x120.jpg 300w, https:\/\/linksjugend-solid-bw.de\/stuttgart\/wp-content\/uploads\/sites\/8\/2014\/03\/images.jpg 355w\" sizes=\"auto, (max-width: 300px) 100vw, 300px\" \/><\/a><\/p>\n<p>und \u00f6kologisch!<\/p>\n<hr \/>\n<p>\u00a0<\/p>\n<p><strong><span style=\"color: #ff0000\">Impressum<\/span><\/strong><\/p>\n<p>Linksjugend [&#8217;solid] Stuttgart c\/o DIE LINKE. Stuttgart<\/p>\n<p>Falkertstra\u00dfe 58<br \/>70176 Stuttgart<\/p>\n<p>E-Mail: stuttgart@linksjugend-solid-bw.de<\/p>\n<p>Dieses Impressum gilt auch f\u00fcr die Facebookseiten:<\/p>\n<p><a href=\"https:\/\/www.facebook.com\/solidstuttgart\">https:\/\/www.facebook.com\/solidstuttgart<\/a><\/p>\n<p><a href=\"https:\/\/www.facebook.com\/DIE.LINKE.SDS.Stuttgart\">https:\/\/www.facebook.com\/DIE.LINKE.SDS.Stuttgart<\/a><\/p>\n<p>Dieses Impressum gilt auch f\u00fcr den Twitter-Account<em>:<\/em><\/p>\n<p><a href=\"https:\/\/twitter.com\/solidstuttgart\">https:\/\/twitter.com\/solidstuttgart<\/a><\/p>\n<p>Dieses Impressum gilt auch f\u00fcr den Instagram-Account<em>:<\/em><\/p>\n<p><a href=\"https:\/\/www.instagram.com\/linksjugendsolid_stuttgart\">https:\/\/www.instagram.com\/linksjugendsolid_stuttgart<\/a><\/p>\n<p>\u00a0<\/p>\n<p><strong><span style=\"color: #ff0000\" title=\"Info Notizen auf Facebook\">Info Notizen auf Facebook<\/span><\/strong><\/p>\n<p>F\u00fcr den Inhalt der einzelnen Notizen sind die jeweils benannten Autoren verantwortlich. Die Inhalte der Notizen spiegeln nicht zwangsl\u00e4ufig die Meinung der gesamten Linksjugend [&#8217;solid] Stuttgart wieder. Alle hier bereitgestellten Informationen dienen lediglich Informationszwecken sowie Zwecken der Meinungsbildung.<\/p>\n<p><a href=\"https:\/\/www.facebook.com\/solidstuttgart\/notes\/\">https:\/\/www.facebook.com\/solidstuttgart\/notes\/<\/a><\/p>\n<p>\u00a0<\/p>\n<p><b>1. Inhalt des Onlineangebotes<\/b><br \/>Die Autoren \u00fcbernehmen keinerlei Gew\u00e4hr f\u00fcr die Aktualit\u00e4t, Korrektheit, Vollst\u00e4ndigkeit oder Qualit\u00e4t der bereitgestellten Informationen. Haftungsanspr\u00fcche gegen die Autoren, die sich auf Sch\u00e4den materieller oder ideeller Art beziehen, welche durch die Nutzung oder Nichtnutzung der dargebotenen Informationen, bzw. durch die Nutzung fehlerhafter und unvollst\u00e4ndiger Informationen verursacht wurden, sind grunds\u00e4tzlich ausgeschlossen, sofern seitens der Autoren kein nachweislich vors\u00e4tzliches oder grob fahrl\u00e4ssiges Verschulden vorliegt.<br \/>Alle Angebote sind freibleibend und unverbindlich. Die Autoren behalten es sich ausdr\u00fccklich vor, Teile der Seiten oder das gesamte Angebot ohne gesonderte Ank\u00fcndigung zu ver\u00e4ndern, zu erg\u00e4nzen, zu l\u00f6schen oder die Ver\u00f6ffentlichung zeitweise oder endg\u00fcltig einzustellen.<\/p>\n<p><b>2. Verweise und Links<\/b><br \/>Sofern auf Verweisziele (&#8222;Links&#8220;) direkt oder indirekt verwiesen wird, die au\u00dferhalb des Verantwortungsbereiches der Autoren liegen, haften diese nur dann, wenn sie von den Inhalten Kenntnis haben und es ihnen technisch m\u00f6glich und zumutbar w\u00e4re, die Nutzung im Falle rechtswidriger Inhalte zu verhindern. F\u00fcr dar\u00fcber hinausgehende Inhalte und insbesondere f\u00fcr Sch\u00e4den, die aus der Nutzung oder Nichtnutzung solcherart dargebotener Informationen entstehen, haftet allein der Anbieter der Seite, auf welche verwiesen wurde, nicht derjenige, der \u00fcber Links auf die jeweilige Ver\u00f6ffentlichung lediglich verweist. Diese Einschr\u00e4nkung gilt gleicherma\u00dfen auch f\u00fcr Fremdeintr\u00e4ge in von den Autoren eingerichteten G\u00e4steb\u00fcchern, Diskussionsforen und Mailinglisten.<\/p>\n<p><b>3. Urheberrecht<\/b><br \/>Die Autoren sind bestrebt, in allen Publikationen die Urheberrechte der verwendeten Grafiken, Tondokumente, Videosequenzen und Texte zu beachten, von ihnen selbst erstellte Grafiken, Tondokumente, Videosequenzen und Texte zu nutzen oder auf lizenzfreie Grafiken, Tondokumente, Videosequenzen und Texte zur\u00fcckzugreifen.<br \/>Das Copyright f\u00fcr ver\u00f6ffentlichte, vom Autor selbst erstellte Objekte bleibt allein beim Autor der Seiten.<\/p>\n<p>Bildrechte<\/p>\n<p class=\"bodytext\">Eine Vervielf\u00e4ltigung oder Verwendung der Bilder aus dem Internetinformationsangebot der\u00a0Linksjugend [\u2018solid] Stuttgart in anderen elektronischen oder gedruckten Publikationen ist ohne ausdr\u00fcckliche Einwilligung der Linksjugend [\u2018solid] Stuttgart nicht gestattet. Bitte richten Sie Ihre diesbez\u00fcglichen Anfragen per E-Mail.<\/p>\n<p><b>4. Rechtswirksamkeit dieses Haftungsausschlusses<\/b><br \/>Dieser Haftungsausschluss ist als Teil des Internetangebotes zu betrachten, von dem aus auf diese Seite verwiesen wurde. Sofern Teile oder einzelne Formulierungen dieses Textes der geltenden Rechtslage nicht, nicht mehr oder nicht vollst\u00e4ndig entsprechen sollten, bleiben die \u00fcbrigen Teile des Dokumentes in ihrem Inhalt und ihrer G\u00fcltigkeit davon unber\u00fchrt.<\/p>\n<p>\u00a0<\/p>\n<p><a href=\"http:\/\/linksjugend-solid-bw.de\/stuttgart\/wp-content\/uploads\/sites\/8\/2015\/04\/csm_solid_535_7453636180.gif\"><img loading=\"lazy\" decoding=\"async\" class=\"alignnone size-medium wp-image-110\" src=\"http:\/\/linksjugend-solid-bw.de\/stuttgart\/wp-content\/uploads\/sites\/8\/2015\/04\/csm_solid_535_7453636180-300x140.gif\" alt=\"csm_solid_535_7453636180\" width=\"300\" height=\"140\" \/><\/a><\/p>\n\n\n<p><\/p>\n","protected":false},"excerpt":{"rendered":"<p>Kontakt E-Mail: stuttgart@linksjugend-solid-bw.de \u00dcber den Postweg: Linksjugend [&#8217;solid] Stuttgart c\/o DIE LINKE. StuttgartFalkertstra\u00dfe 5870176 Stuttgart Facebook: https:\/\/www.facebook.com\/solidstuttgart Twitter: https:\/\/twitter.com\/solidstuttgart Instagram: https:\/\/www.instagram.com\/linksjugendsolid_stuttgart und \u00f6kologisch! \u00a0 Impressum Linksjugend [&#8217;solid] Stuttgart c\/o DIE LINKE. Stuttgart Falkertstra\u00dfe 5870176 Stuttgart<\/p>\n","protected":false},"author":1,"featured_media":0,"parent":0,"menu_order":3,"comment_status":"open","ping_status":"open","template":"","meta":{"jetpack_post_was_ever_published":false,"footnotes":"","_links_to":"","_links_to_target":""},"class_list":["post-21","page","type-page","status-publish","hentry"],"jetpack_shortlink":"https:\/\/wp.me\/P4pRGH-l","jetpack_sharing_enabled":true,"_links":{"self":[{"href":"https:\/\/linksjugend-solid-bw.de\/stuttgart\/wp-json\/wp\/v2\/pages\/21","targetHints":{"allow":["GET"]}}],"collection":[{"href":"https:\/\/linksjugend-solid-bw.de\/stuttgart\/wp-json\/wp\/v2\/pages"}],"about":[{"href":"https:\/\/linksjugend-solid-bw.de\/stuttgart\/wp-json\/wp\/v2\/types\/page"}],"author":[{"embeddable":true,"href":"https:\/\/linksjugend-solid-bw.de\/stuttgart\/wp-json\/wp\/v2\/users\/1"}],"replies":[{"embeddable":true,"href":"https:\/\/linksjugend-solid-bw.de\/stuttgart\/wp-json\/wp\/v2\/comments?post=21"}],"version-history":[{"count":39,"href":"https:\/\/linksjugend-solid-bw.de\/stuttgart\/wp-json\/wp\/v2\/pages\/21\/revisions"}],"predecessor-version":[{"id":1366,"href":"https:\/\/linksjugend-solid-bw.de\/stuttgart\/wp-json\/wp\/v2\/pages\/21\/revisions\/1366"}],"wp:attachment":[{"href":"https:\/\/linksjugend-solid-bw.de\/stuttgart\/wp-json\/wp\/v2\/media?parent=21"}],"curies":[{"name":"wp","href":"https:\/\/api.w.org\/{rel}","templated":true}]}}